he remainder when 23833595 is divided by 5958398?
3
Calculate the remainder when 1390749 is divided by 336.
45
Calculate the remainder when 101088 is divided by 311.
13
What is the remainder when 46926198 is divided by 106?
104
What is the remainder when 35103948 is divided by 17551867?
214
What is the remainder when 3289775 is divided by 255?
20
What is the remainder when 4201868 is divided by 2075?
2068
Calculate the remainder when 37288945 is divided by 193.
187
Calculate the remainder when 2720653 is divided by 5826.
5737
What is the remainder when 809155 is divided by 30?
25
Calculate the remainder when 2632129 is divided by 1025.
954
Calculate the remainder when 101483 is divided by 1489.
231
What is the remainder when 4919262 is divided by 39?
36
What is the remainder when 149451 is divided by 138?
135
What is the remainder when 1443035 is divided by 3635?
3575
Calculate the remainder when 10763 is divided by 932.
511
Calculate the remainder when 654784 is divided by 132.
64
Calculate the remainder when 1031456 is divided by 167.
64
Calculate the remainder when 474903 is divided by 5614.
3327
Calculate the remainder when 43593 is divided by 1043.
830
What is the remainder when 31416989 is divided by 250?
239
Calculate the remainder when 23854230 is divided by 7951410.
0
What is the remainder when 529299 is divided by 662?
361
What is the remainder when 958949 is divided by 374?
13
What is the remainder when 584697 is divided by 5649?
2850
Calculate the remainder when 904432 is divided by 548.
232
What is the remainder when 30984 is divided by 6259?
5948
What is the remainder when 27556941 is divided by 2755694?
1
Calculate the remainder when 5625115 is divided by 245.
160
Calculate the remainder when 66578 is divided by 32594.
1390
What is the remainder when 456099 is divided by 3865?
29
Calculate the remainder when 1032684 is divided by 185.
14
Calculate the remainder when 158343 is divided by 79113.
117
What is the remainder when 164074 is divided by 14672?
2682
What is the remainder when 57939 is divided by 3088?
2355
What is the remainder when 778888167 is divided by 139?
138
Calculate the remainder when 1056774 is divided by 228.
222
Calculate the remainder when 41709 is divided by 3398.
933
Calculate the remainder when 1523443 is divided by 42.
19
What is the remainder when 215351 is divided by 53803?
139
Calculate the remainder when 203014 is divided by 9221.
152
Calculate the remainder when 1151144 is divided by 383699.
47
What is the remainder when 160182729 is divided by 656?
649
Calculate the remainder when 954673 is divided by 3184.
2657
Calculate the remainder when 20751340 is divided by 10375664.
12
What is the remainder when 681860 is divided by 170451?
56
Calculate the remainder when 2684487 is divided by 3551.
3482
Calculate the remainder when 807514 is divided by 14947.
376
What is the remainder when 12665538 is divided by 11?
6
Calculate the remainder when 508552 is divided by 2963.
1879
Calculate the remainder when 164001706 is divided by 36.
34
What is the remainder when 353767902 is divided by 122?
110
Calculate the remainder when 19830100 is divided by 7391.
47
What is the remainder when 131099129 is divided by 30?
29
What is the remainder when 2950453 is divided by 853?
779
Calculate the remainder when 14226190 is divided by 123706.
0
Calculate the remainder when 2381737 is divided by 759.
754
Calculate the remainder when 1461926902 is divided by 8.
6
Calculate the remainder when 104148649 is divided by 16.
9
Calculate the remainder when 14191294 is divided by 78.
52
What is the remainder when 27845 is divided by 7758?
4571
What is the remainder when 39155436 is divided by 34929?
27
What is the remainder when 256075417 is divided by 68?
65
Calculate the remainder when 796632 is divided by 461.
24
What is the remainder when 394017 is divided by 152?
33
What is the remainder when 59973 is divided by 59932?
41
Calculate the remainder when 1750851519 is divided by 2142.
2139
What is the remainder when 1267988 is divided by 1267956?
32
Calculate the remainder when 23186290 is divided by 177.
175
Calculate the remainder when 4970 is divided by 168.
98
What is the remainder when 11897596 is divided by 329?
298
Calculate the remainder when 9527986 is divided by 3175780.
646
Calculate the remainder when 21966689 is divided by 305.
284
Calculate the remainder when 4631128 is divided by 36.
16
What is the remainder when 285104 is divided by 183?
173
Calculate the remainder when 874909 is divided by 24303.
1
Calculate the remainder when 1632408 is divided by 2633.
2581
Calculate the remainder when 5416062 is divided by 198.
168
What is the remainder when 13153208 is divided by 263064?
8
What is the remainder when 380281768 is divided by 22?
20
What is the remainder when 783726 is divided by 5519?
28
Calculate the remainder when 4521487 is divided by 1228.
1219
What is the remainder when 85675 is divided by 4234?
995
What is the remainder when 394267 is divided by 2333?
2323
Calculate the remainder when 29566693 is divided by 655.
648
What is the remainder when 2705604 is divided by 9?
6
Calculate the remainder when 352323 is divided by 2774.
25
Calculate the remainder when 531628723 is divided by 206.
197
What is the remainder when 8604741 is divided by 309?
18
What is the remainder when 7468658 is divided by 128?
114
What is the remainder when 1663400 is divided by 265?
260
Calculate the remainder when 29101881 is divided by 765838.
37
What is the remainder when 2557580 is divided by 6238?
0
Calculate the remainder when 26150062 is divided by 10267.
13
What is the remainder when 778676 is divided by 778107?
569
What is the remainder when 4780136 is divided by 125793?
2
Calculate the remainder when 80867 is divided by 151.
82
Calculate the remainder when 1754216 is divided by 438475.
316
Calculate the remainder when 3859779 is divided by 4942.
77
Calculate the remainder when 23136200 is divided by 27.
8
What is the remainder when 5870927 is divided by 2234?
2209
Calculate the remainder when 160954 is divided by 1222.
872
What is the remainder when 158613 is divided by 1537?
302
Calculate the remainder when 169430 is divided by 958.
822
Calculate the remainder when 3418248 is divided by 748.
636
What is the remainder when 262292 is divided by 8215?
7627
What is the remainder when 22739 is divided by 4500?
239
What is the remainder when 464719 is divided by 6571?
4749
Calculate the remainder when 783641 is divided by 4749.
56
Calculate the remainder when 164486 is divided by 54757.
215
What is the remainder when 1742118 is divided by 11692?
10
Calculate the remainder when 2371941 is divided by 11405.
11106
What is the remainder when 223782 is divided by 113?
42
What is the remainder when 25436751 is divided by 21?
18
Calculate the remainder when 928027 is divided by 1795.
12
What is the remainder when 54601890 is divided by 3121?
3116
What is the remainder when 11033 is divided by 1199?
242
What is the remainder when 127340 is divided by 98?
38
What is the remainder when 78301 is divided by 3031?
2526
Calculate the remainder when 159350 is divided by 5140.
10
What is the remainder when 76774 is divided by 15342?
64
What is the remainder when 460681 is divided by 2260?
1901
What is the remainder when 119462 is divided by 19881?
176
Calculate the remainder when 2423050 is divided by 807682.
4
What is the remainder when 1975907 is divided by 18?
11
What is the remainder when 76155 is divided by 1388?
1203
Calculate the remainder when 2750049 is divided by 1374843.
363
What is the remainder when 266197 is divided by 26617?
27
What is the remainder when 12208657 is divided by 378?
13
What is the remainder when 132777222 is divided by 51?
48
What is the remainder when 10666186 is divided by 639?
637
Calculate the remainder when 3336738 is divided by 17.
12
What is the remainder when 155203 is divided by 10178?
2533
What is the remainder when 112431 is divided by 113?
109
What is the remainder when 3788622 is divided by 241?
102
Calculate the remainder when 51007 is divided by 2680.
87
Calculate the remainder when 415597 is divided by 24.
13
What is the remainder when 41038580 is divided by 10259639?
24
Calculate the remainder w